prime factors of 3701.
3701
List the prime factors of 2733.
3, 911
What are the prime factors of 35?
5, 7
List the prime factors of 5703.
3, 1901
List the prime factors of 50438.
2, 25219
List the prime factors of 1389.
3, 463
What are the prime factors of 3972?
2, 3, 331
What are the prime factors of 31238?
2, 15619
What are the prime factors of 8433?
3, 937
List the prime factors of 4762.
2, 2381
List the prime factors of 54080.
2, 5, 13
List the prime factors of 10320.
2, 3, 5, 43
What are the prime factors of 28280?
2, 5, 7, 101
What are the prime factors of 8770?
2, 5, 877
List the prime factors of 113716.
2, 28429
List the prime factors of 27493.
19, 1447
List the prime factors of 14331.
3, 17, 281
What are the prime factors of 1792?
2, 7
List the prime factors of 5445.
3, 5, 11
List the prime factors of 1083.
3, 19
What are the prime factors of 1736?
2, 7, 31
List the prime factors of 2002.
2, 7, 11, 13
List the prime factors of 9143.
41, 223
What are the prime factors of 9081?
3, 1009
What are the prime factors of 2082?
2, 3, 347
List the prime factors of 43866.
2, 3, 2437
What are the prime factors of 159221?
89, 1789
List the prime factors of 659.
659
What are the prime factors of 55757?
13, 4289
What are the prime factors of 1932?
2, 3, 7, 23
List the prime factors of 25435.
5, 5087
What are the prime factors of 9157?
9157
List the prime factors of 2946.
2, 3, 491
What are the prime factors of 2422?
2, 7, 173
What are the prime factors of 66352?
2, 11, 13, 29
List the prime factors of 4294.
2, 19, 113
What are the prime factors of 169?
13
What are the prime factors of 1153?
1153
List the prime factors of 6041.
7, 863
List the prime factors of 63288.
2, 3, 293
List the prime factors of 2761.
11, 251
What are the prime factors of 263?
263
What are the prime factors of 28853?
11, 43, 61
List the prime factors of 17635.
5, 3527
What are the prime factors of 11454?
2, 3, 23, 83
What are the prime factors of 51338?
2, 7, 19, 193
List the prime factors of 10345.
5, 2069
What are the prime factors of 98?
2, 7
List the prime factors of 1870.
2, 5, 11, 17
What are the prime factors of 48554?
2, 11, 2207
What are the prime factors of 12752?
2, 797
List the prime factors of 19181.
19181
List the prime factors of 419.
419
List the prime factors of 2541.
3, 7, 11
What are the prime factors of 18520?
2, 5, 463
What are the prime factors of 31974?
2, 3, 73
What are the prime factors of 2252?
2, 563
List the prime factors of 39366.
2, 3
List the prime factors of 36424.
2, 29, 157
What are the prime factors of 6146?
2, 7, 439
What are the prime factors of 1586?
2, 13, 61
List the prime factors of 4.
2
List the prime factors of 28806.
2, 3, 4801
List the prime factors of 20958.
2, 3, 7, 499
List the prime factors of 8490.
2, 3, 5, 283
What are the prime factors of 944?
2, 59
What are the prime factors of 1739?
37, 47
What are the prime factors of 3544?
2, 443
List the prime factors of 9749.
9749
What are the prime factors of 45662?
2, 17, 79
What are the prime factors of 5043?
3, 41
List the prime factors of 17197.
29, 593
What are the prime factors of 1073?
29, 37
List the prime factors of 15560.
2, 5, 389
What are the prime factors of 81344?
2, 31, 41
What are the prime factors of 37364?
2, 9341
What are the prime factors of 16558?
2, 17, 487
What are the prime factors of 1075?
5, 43
What are the prime factors of 2088?
2, 3, 29
List the prime factors of 150483.
3, 103, 487
What are the prime factors of 46596?
2, 3, 11, 353
List the prime factors of 2721.
3, 907
What are the prime factors of 4633?
41, 113
What are the prime factors of 85?
5, 17
List the prime factors of 1098.
2, 3, 61
List the prime factors of 6454.
2, 7, 461
What are the prime factors of 1219?
23, 53
List the prime factors of 299.
13, 23
List the prime factors of 26911.
17, 1583
What are the prime factors of 52941?
3, 7, 2521
What are the prime factors of 1574?
2, 787
List the prime factors of 73284.
2, 3, 31, 197
What are the prime factors of 991?
991
List the prime factors of 69690.
2, 3, 5, 23, 101
What are the prime factors of 4580?
2, 5, 229
List the prime factors of 9207.
3, 11, 31
What are the prime factors of 4867?
31, 157
List the prime factors of 22432.
2, 701
List the prime factors of 65120.
2, 5, 11, 37
List the prime factors of 17946.
2, 3, 997
List the prime factors of 1791.
3, 199
List the prime factors of 41937.
3, 7, 1997
What are the prime factors of 6468?
2, 3, 7, 11
List the prime factors of 3192.
2, 3, 7, 19
List the prime factors of 1332.
2, 3, 37
What are the prime factors of 63240?
2, 3, 5, 17, 31
List the prime factors of 15946.
2, 7, 17, 67
List the prime factors of 1449.
3, 7, 23
What are the prime factors of 665?
5, 7, 19
What are the prime factors of 2291?
29, 79
List the prime factors of 50680.
2, 5, 7, 181
List the prime factors of 34062.
2, 3, 7, 811
List the prime factors of 649.
11, 59
What are the prime factors of 6121?
6121
List the prime factors of 1685.
5, 337
List the prime factors of 1775.
5, 71
What are the prime factors of 133?
7, 19
List the prime factors of 1090.
2, 5, 109
What are the prime factors of 113?
113
What are the prime factors of 8215?
5, 31, 53
What are the prime factors of 23003?
23003
List the prime factors of 28818.
2, 3, 1601
List the prime factors of 6599.
6599
What are the prime factors of 15763?
11, 1433
What are the prime factors of 5067?
3, 563
What are the prime factors of 2820?
2, 3, 5, 47
What are the prime factors of 23271?
3, 7757
What are the prime factors of 14297?
17, 29
What are the prime factors of 157815?
3, 5, 7, 167
What are the prime factors of 89?
89
List the prime factors of 13096.
2, 1637
What are the prime factors of 1205?
5, 241
What are the prime factors of 5219?
17, 307
List the prime factors of 12351.
3, 23, 179
What are the prime factors of 2455?
5, 491
What are the prime factors of 25495?
5, 5099
List the prime factors of 3309.
3, 1103
What are the prime factors of 36296?
2, 13, 349
What are the prime factors of 934?
2, 467
What are the prime factors of 1047?
3, 349
List the prime factors of 4676.
2, 7, 167
What are the prime factors of 52?
2, 13
List the prime factors of 204.
2, 3, 17
List the prime factors of 5199.
3, 1733
What are the prime factors of 47692?
2, 11923
List the prime factors of 18853.
17, 1109
What are the prime factors of 19783?
73, 271
List the prime factors of 352.
2, 11
List the prime factors of 17516.
2, 29, 151
List the prime factors of 30768.
2, 3, 641
List the prime factors of 18101.
23, 787
List the prime factors of 8372.
2, 7, 13, 23
List the prime factors of 170880.
2, 3, 5, 89
List the prime factors of 27503.
7, 3929
List the prime factors of 8117.
8117
What are the prime factors of 1050?
2, 3, 5, 7
List the prime factors of 1801.
1801
What are the prime factors of 2883?
3, 31
What are the prime factors of 29463?
3, 7, 23, 61
List the prime factors of 235.
5, 47
What are the prime factors of 20644?
2, 13, 397
What are the prime factors of 4399?
53, 83
What are the prime factors of 1236?
2, 3, 103
List the prime factors of 135084.
2, 3, 11257
List the prime factors of 2164.
2, 541
What are the prime factors of 3631?
3631
List the prime factors of 6899.
6899
What are the prime factors of 41338?
2, 11, 1879
What are the prime factors of 127103?
127103
What are the prime factors of 9150?
2, 3, 5, 61
What are the prime factors of 5613?
3, 1871
What are the prime factors of 6147?
3, 683
List the prime factors of 25953.
3, 41, 211
What are the prime factors of 820?
2, 5, 41
List the prime factors of 1284.
2, 3, 107
List the prime factors of 1577.
19, 83
What are the prime factors of 16344?
2, 3, 227
What are the prime factors of 7268?
2, 23, 79
What are the prime factors of 615?
3, 5, 41
What are the prime factors of 4033?
37, 109
What are the prime factors of 4938?
2, 3, 823
List the prime factors of 473.
11, 43
List the prime factors of 6550.
2, 5, 131
What are the prime factors of 148611?
3, 49537
List the prime factors of 20171.
23, 877
What are the prime factors of 2709?
3, 7, 43
What are the prime factors of 9199?
9199
List the prime factors of 18259.
19, 31
List the prime factors of 5307.
3, 29, 61
List the prime factors of 68303.
167, 409
What are the prime fa